me factors of o/84 - ((-14)/(-6) - 2)?
7, 73
Let o = -2299 + 554. What are the prime factors of (o/(-10))/(1 + 5/(-10))?
349
Let b(i) = i**2 - 15*i + 54. Let d be b(9). Suppose d = -5*m + 4*v + 6365, -29*m + 34*m = v + 6350. What are the prime factors of m?
3, 47
Let i(f) = f**3 + 7*f**2 + 4*f - 2. Let p(y) = 60*y**3 - y**2 + y. Let a be p(1). Let j be 22/(-8) + (-75)/a. What are the prime factors of i(j)?
2, 3, 5
Let k be (380/40)/(6/(-4) + 2). Suppose k*y - 534 - 606 = 0. List the prime factors of y.
2, 3, 5
Suppose 29*w + 6330 - 22628 = 0. List the prime factors of w.
2, 281
Let n(z) = 572*z**2 - 23*z + 71. What are the prime factors of n(7)?
2, 61, 229
Let s = 26 + -20. Suppose s*a - 55 = 5*a. Suppose -7*n + a + 64 = 0. What are the prime factors of n?
17
Let z = -20890 - -37869. List the prime factors of z.
16979
Suppose 4*v = -3*i - 121 + 107, -4*i = -4*v. Let j(q) = q + 0 + 3 + 44*q**2 - 4. What are the prime factors of j(i)?
173
Suppose -10*f = -255 - 195. Let n be f*(-3)/((-45)/130). What are the prime factors of (-1)/3 + n/9?
43
Suppose -3*b + 4*r = -537, -9*b + 558 = -6*b + 3*r. Let n be (-5)/(30/b) - 2/4. Let x = n + 65. What are the prime factors of x?
2, 17
Suppose 8*x = 7*x, 1440 = 4*w + x. List the prime factors of w.
2, 3, 5
Suppose -71*s + 4869 = -953. Let j = 9 - -76. Suppose -r + s = n, n + 3*n - j = -r. What are the prime factors of r?
3
Let l = 71104 + -31253. What are the prime factors of l?
7, 5693
Suppose -y + 2 = 0, 10*y - 1953 - 7183 = -2*o. List the prime factors of o.
2, 43, 53
Let w = 11855 + -93. What are the prime factors of w?
2, 5881
Let l = -2355 - -2494. Let k(g) = -83*g + 1. Let m be k(1). Let w = l + m. What are the prime factors of w?
3, 19
Suppose 5*i - 17 = 3. Suppose -5*m - 5 - 7 = -o, -i*m + 5*o - 18 = 0. List the prime factors of 1008/32 + (-1)/m.
2
Let b be 0/((-2)/2*1). Suppose -6*g + 33 = -4*h - 17, 0 = 3*h + 15. Suppose -25 = g*v, b = 4*y + 2*v + v - 381. What are the prime factors of y?
3, 11
Let r(o) = 5*o**2 + 8*o + 11. Let f(d) = d + 2. Let b(c) = -4*f(c) + r(c). What are the prime factors of b(-2)?
3, 5
Let x be 0/(3 - 7) - (-3 + -193). Let a = 363 - x. Let o = 336 - a. List the prime factors of o.
13
Let k(x) be the third derivative of -103*x**6/120 + x**5/15 + x**4/8 + x**3 - 129*x**2. What are the prime factors of k(-2)?
2, 3, 5, 7
Let s be 2 - 1 - (-77 + -3). Suppose -4*b + 2*x = -30, -4*b - 20 = -7*b + 2*x. Suppose 7*p - b*p = -s. List the prime factors of p.
3
Let v = -2657 - -4362. Suppose 4*x + b = v, 17*b + 1714 = 4*x + 15*b. What are the prime factors of x?
7, 61
Let u(d) = 76*d**2 + 18*d - 115. List the prime factors of u(13).
3, 29, 149
Let z be -6*(-3)/(-2)*(-5)/15. Suppose 0 = 4*v - 9*x + 5*x - 316, z*v - 219 = -3*x. List the prime factors of v.
2, 19
Suppose c - 19 + 4 = 3*x, 3 = 5*c + 3*x. Suppose -5*d + 3588 = -3*l, 2*l + c*l = -5. What are the prime factors of d?
3, 239
Suppose -2*v = 4*a - 7*a + 83272, 4*a = 5*v + 111027. List the prime factors of a.
2, 13879
Suppose -211 = -4*y + n, y + 4*n - 248 = -4*y. Let l = y + -31. Let g = 63 - l. What are the prime factors of g?
2, 3, 7
Suppose 302*l = 2*i + 300*l - 42214, 5*i - 2*l = 105547. What are the prime factors of i?
3, 31, 227
Suppose -5*r - 4*j + 47 = 0, -2*j + 4*j - 20 = -2*r. Suppose 0 = -r*f + 10*f + 345. What are the prime factors of 4/(-1 - f/110)?
2, 11
Let p(f) = -18*f**3 + 12*f**2 - 15*f - 51. What are the prime factors of p(-6)?
3, 1453
Let z(s) = s**3 - 61*s**2 + 32*s + 1255. List the prime factors of z(61).
3, 1069
Suppose 121*x - 111*x - 43160 = 0. What are the prime factors of x?
2, 13, 83
Let q = 258 + -150. Suppose q*b = 109*b - 507. What are the prime factors of b?
3, 13
Let p = 8250 - 6232. What are the prime factors of p?
2, 1009
Suppose 3*o + 2*g - 578 = 0, 0 = -o + 3*g + 2*g + 204. Let v = 804 - o. List the prime factors of v.
2, 5, 61
Suppose -3*c - m = 2*c - 44, 52 = 4*c + 5*m. Suppose -4*f = -c, f + 1478 = 2*b + 5*f. What are the prime factors of b?
3, 5, 7
Suppose 5*x - 5*r - 6559 + 2364 = 0, 0 = 4*x + 5*r - 3320. Suppose 8*s - x - 117 = 0. List the prime factors of s.
7, 17
Let j(k) = 3*k**2 + 5*k - 4. Let w be j(1). Suppose 0 = -w*x + 936 + 136. Suppose -5*a = -3*a - x. What are the prime factors of a?
2, 67
Suppose 148*b - 62346 = -2*r + 143*b, -3*r = 2*b - 93530. List the prime factors of r.
2, 7, 17, 131
Let c = 3742 - 1310. List the prime factors of c.
2, 19
Let d(k) = 3*k**2 + 3*k - 6. Let t(q) = 4*q**2 + 2*q - 6. Let g(p) = 5*d(p) - 4*t(p). Let j be g(5). Let l(w) = w + 1. What are the prime factors of l(j)?
5
Let f(m) = 5*m**2 - 97*m - 2974. List the prime factors of f(-49).
2, 1723
What are the prime factors of (-3 + 18)/(-3 + 8085/2684)?
2, 5, 61
Let u(n) = 770*n - 1340. List the prime factors of u(85).
2, 3, 5, 2137
What are the prime factors of ((-5689)/2)/(15/(-30))?
5689
Let n(t) = 2*t**2 + 2*t - 9. Suppose -2*c = -3*z + 63 + 22, z - 33 = 3*c. Suppose -15 - z = 6*y. What are the prime factors of n(y)?
3, 5
Suppose 0*h = 8*h - 120. List the prime factors of (6 + (-772)/(-20))/(3/h).
223
Let v be 2 - 11 - (1 - 0). Let m be v*5/30*3. What are the prime factors of m/(-2) - (-387)/6?
67
Suppose -104005 = 11*d - 42*d. List the prime factors of d.
5, 11, 61
Suppose -5*q + 5*c + 15 = 0, 4*q = -4*c + 19 + 17. Suppose 2*a = -10 - q. What are the prime factors of 1326/16 + (-1)/a?
83
Let o(w) = 19*w**3 - 2*w**2 - 21*w + 30. List the prime factors of o(7).
2, 23, 137
Let z(h) = -h**3 + 6*h**2 - 2*h + 26. Let x be z(6). Let n be (1 - 6/x)/(12/42). List the prime factors of ((-36)/(-63))/(n/259).
2, 37
Suppose -2*l = u + 3*u - 8, 5*l - 20 = 4*u. Suppose 90 - 34 = -l*m. Let a = m - -176. What are the prime factors of a?
2, 3
Suppose 3*y + 24 = 3*f, 5*y = -0*y - 15. Suppose f*i = 2879 - 414. Suppose -2*s = -4*d + 384, 4*s - i = -3*d - 2*d. What are the prime factors of d?
97
Suppose -22280 = -5*c - 3*i, 0 = 4*c - i - 15230 - 2577. What are the prime factors of c?
61, 73
Suppose -2*o - 1328 + 1364 = 0. What are the prime factors of 0 + o/90 + (-1048)/(-10)?
3, 5, 7
Suppose -4*f - 1 + 0 = -p, 7 = 2*f + p. Let n be (-2 + f)*(-4 - -4). Suppose n*o - 96 = -4*o. What are the prime factors of o?
2, 3
Let o = 45 - 43. Suppose 13*y - 11*y = 8. Suppose -y*u = -3*a + 53, -2*a = -6*a - o*u + 78. List the prime factors of a.
19
Let d be 3*15/(-135) - 8/(-6). Let s be 18*(-1)/(1/8). Let q = d - s. What are the prime factors of q?
5, 29
Let k be ((-570)/266)/(1/(-7) - 0). Suppose k*d = 4214 + 8071. What are the prime factors of d?
3, 7, 13
Let d = -117 + 119. Let b(l) = 65*l**3 - 2*l**2 + 4*l + 1. List the prime factors of b(d).
521
Suppose -g = -4*b + 1725, 0 = 5*b - 2*g - g - 2165. Suppose 0 = 4*h - 3*v - 317 - 543, -4*v + b = 2*h. What are the prime factors of h/15 + 5 - 2/(-3)?
2, 5
Suppose -4*y - 24 = 0, 7*r - 6*r - 2*y - 12788 = 0. List the prime factors of r.
2, 1597
Let z be (-23)/(-5) - 5 - 148/5. Let n be (z/(-5))/2 - -74. Suppose 0*b + 4*b = -x + n, -3*b + 186 = 3*x. What are the prime factors of x?
3, 19
Suppose -5*w - 5*l = -1325, -4*l - 785 = -3*w - 2*l. Suppose 814 - w = n. What are the prime factors of n?
19, 29
Let d be 2/(-16)*-46 + (-12)/16. Suppose -6*t - 4*m = -d*t + 12, t - 4*m = 28. Suppose t = -2*c, 5*u - c + 0*c - 1544 = 0. List the prime factors of u.
2, 7, 11
Let k(y) = y - 1. Let v(q) = 12*q + 56. Let o(j) = -4*k(j) - v(j). Suppose -33 = 7*m + 23. What are the prime factors of o(m)?
2, 19
Let s be (63/15)/(9/1935). Suppose 10*i + s = 9093. List the prime factors of i.
3, 7, 13
Let j(c) = 29*c - 3. Suppose -72*n = -82*n + 10. What are the prime factors of j(n)?
2, 13
Let b(d) = -4*d - 17. Let n be b(-5). Suppose 0 = -z - 3*z + 20, 0 = -n*a + 5*z - 25. Suppose a = j - 3*u - 155 + 26, 8 = 4*u. What are the prime factors of j?
3, 5
Let o = -12675 - -20266. List the prime factors of o.
7591
Let q(u) be the second derivative of 33*u**2 - 13*u**2 - 10*u**2 - u**3 - 6*u. List the prime factors of q(-8).
2, 17
Suppose 0 = 2*w + 2*o - 95262, 3*w = -18*o + 16*o + 142896. List the prime factors of w.
2, 3, 17, 467
Let u(r) = -3*r**2 - 2. Let i be u(-12). Let d = -241 - i. Let b = 19 + d. What are the prime factors of b?
2, 53
Suppose 14*d = -7*d - 8*d. Suppose 5*m = 3*r + 9737 - 3242, -3*m + r